{"id":2727,"date":"2020-01-06T20:13:11","date_gmt":"2020-01-06T19:13:11","guid":{"rendered":"https:\/\/www.feuerwehr-trebur.org\/web\/?page_id=2727"},"modified":"2020-01-06T20:49:00","modified_gmt":"2020-01-06T19:49:00","slug":"einsatzchronik2019","status":"publish","type":"page","link":"https:\/\/www.feuerwehr-trebur.org\/web\/einsaetze\/einsatzchronik2019\/","title":{"rendered":"Einsatz\u00fcbersicht 2019"},"content":{"rendered":"<div class=\"wpb-content-wrapper\">[vc_row][vc_column][vc_text_separator title=&#8220;Eins\u00e4tze 2019&#8243;][vc_column_text]<strong>Dezember<\/strong><\/p>\n<p>96 |25.12.2019 &#8211; F 2 &#8211; Wohnungsbrand<\/p>\n<p>95 |23.12.2019 &#8211; F BMA &#8211; Ausgel\u00f6ste Brandmeldeanlage &#8211; Astheim<\/p>\n<p>94 |16.12.2019 &#8211; H 1 Y &#8211; Notfallt\u00fcr\u00f6ffnung<\/p>\n<p>93 |16.12.2019 &#8211; H 1 &#8211; Messeinsatz &#8211; R\u00fcsselsheim &#8211; Fehlalarm<\/p>\n<p>92 |10.12.2019 &#8211; R 2 &#8211; Ersthelfereinsatz<\/p>\n<p>91 |08.12.2019 &#8211; F 2 &#8211; K\u00fcchenbrand<\/p>\n<p>90 |04.12.2019 &#8211; H \u00d6l Wass (Gew\u00e4sser) &#8211; M\u00fcllauto in Graben<\/p>\n<p><strong>November<\/strong><\/p>\n<p>89 |23.11.2019 &#8211; F 2 Y &#8211; K\u00fcchenbrand<\/p>\n<p>88 |20.11.2019 &#8211; H Gefahr 1 &#8211; Messeinsatz &#8211; Bischofsheim<\/p>\n<p>87 |19.11.2019 &#8211; H Gefahr 1 &#8211; Messeinsatz &#8211; Gustavsburg<\/p>\n<p>86 |18.11.2019 &#8211; H Klemm 1 Y &#8211; Verkehrsunfall<\/p>\n<p>85 |15.11.2019 &#8211; H 1 &#8211; \u00d6lspur<\/p>\n<p>84 |11.11.2019 &#8211; H Gas 2 &#8211; Messeinsatz &#8211; Nauheim<\/p>\n<p><strong>Oktober<br \/>\n<\/strong><\/p>\n<p>83 |19.10.2019 &#8211; H Gefahr 1 &#8211; Messeinsatz &#8211; Biebesheim<\/p>\n<p>82 |16.10.2019 &#8211; F Ausserhalb &#8211; Brennende Landmaschine<\/p>\n<p>81 |02.10.2019 &#8211; F Wald 1 &#8211; Fl\u00e4chenbrand<\/p>\n<p><strong>September<\/strong><\/p>\n<p>80 |23.09.2019 &#8211; H 1 Y &#8211; Unterst\u00fctzung des Rettungsdienstes<\/p>\n<p>79 |23.09.2019 &#8211; H 1 Y &#8211; Notfallt\u00fcr\u00f6ffnung<\/p>\n<p>78 |16.09.2019 &#8211; H Gefahr 1 &#8211; Messeinsatz &#8211; Gro\u00df-Gerau<\/p>\n<p><strong>August<br \/>\n<\/strong><\/p>\n<p>77 |24.08.2019 &#8211; H 1 &#8211; Wasser im Keller<\/p>\n<p>76 |23.08.2019 &#8211; H 1 Y &#8211; Notfallt\u00fcr\u00f6ffnung, eingeschlossenes Kind<\/p>\n<p>75 |21.08.2019 &#8211; H Gefahr 1 &#8211; Messeinsatz &#8211; Bischofsheim<\/p>\n<p>44 &#8211; 74 |18.08.2019 &#8211; H 1 &#8211; Unwettereins\u00e4tze<\/p>\n<p>43 |09.08.2019 &#8211; F Wald 1 &#8211; Brennende Grasfl\u00e4che<\/p>\n<p>42 |02.08.2019 &#8211; F 2 &#8211; Angebranntes Kochgut<\/p>\n<p>41 |01.08.2019 &#8211; H 1 &#8211; \u00d6lspur<\/p>\n<p><strong>Juli<\/strong><\/p>\n<p>40 |30.07.2019 &#8211; H 1 &#8211; Schlange in Lichtschacht<\/p>\n<p>39 |25.07.2019 &#8211; F Ausserhalb &#8211; Brennende Landmaschine<\/p>\n<p>38 |18.07.2019 &#8211; F 1 &#8211; PKW Brand<\/p>\n<p>37 |18.07.2019 &#8211; F 1 &#8211; Fl\u00e4chenbrand<\/p>\n<p>36 |16.07.2019 &#8211; H Gefahr 1 &#8211; Messeinsatz &#8211; Walldorf<\/p>\n<p>35 |09.07.2019 &#8211; F RWM &#8211; Ausgel\u00f6ster Heimrauchmelder<\/p>\n<p>34 |09.07.2019 &#8211; H Gefahr 1 &#8211; Messeinsatz &#8211; Biebesheim<\/p>\n<p>33 |05.07.2019 &#8211; H 1 &#8211; \u00d6lspur Ortsbereich Trebur<\/p>\n<p>32 |04.07.2019 &#8211; F Wald 1 &#8211; Fl\u00e4chenbrand in Astheim<\/p>\n<p><strong>Juni<\/strong><\/p>\n<p>31 |25.06.2019 &#8211; H Fluss Y &#8211; Person im Wasser<\/p>\n<p>30 |18.06.2019 &#8211; H 1 &#8211; Telefonmast droht zu st\u00fcrzen<\/p>\n<p>29 |14.06.2019 &#8211; H 1 &#8211; \u00d6lspur<\/p>\n<p>28 |13.06.2019 &#8211; F Au\u00dferhalb &#8211; Brand einer Lagerhalle<\/p>\n<p>27 |06.06.2019 &#8211; H Fluss &#8211; Person im Wasser<\/p>\n<p>26 |03.06.2019 &#8211; H 1 &#8211; Schlange in Teich<\/p>\n<p><strong>Mai<\/strong><\/p>\n<p>25 |31.05.2019 &#8211; H 1 &#8211; Tierrettung<\/p>\n<p>24 |27.05.2019 &#8211; F 1 &#8211; Unangemeldetes Nutzfeuer<\/p>\n<p>23 |20.05.2019 &#8211; H 1 Y &#8211; Eingeklemmte Person<\/p>\n<p>22 | 16.05.2019 &#8211; H Gefahr 1 &#8211; Messeinsatz &#8211; Bischofsheim<\/p>\n<p>21 | 07.05.2019 &#8211; F 1 &#8211; Flammen aus Gulli<\/p>\n<p>20 | 02.05.2019 &#8211; F 1 &#8211; Brennt M\u00fclleimer<\/p>\n<p>19 | 01.05.2019 &#8211; F Schiff 1 &#8211; Brennt Sportboot<\/p>\n<p>18 | 01.05.2019 &#8211; H Klemm 1 Y &#8211; Verkehrsunfall<\/p>\n<p><strong>April<\/strong><\/p>\n<p>17 | 10.04.2019 &#8211; H Gefahr 1 &#8211; Raunheim<\/p>\n<p><strong>M\u00e4rz<\/strong><\/p>\n<p>16 | 27.03.2019 &#8211; F 1 &#8211; Fahrzeugbrand nach Verkehrsunfall<\/p>\n<p>15 | 27.03.2019 &#8211; FBMA &#8211; Ausgel\u00f6ste Brandmeldeanlage<\/p>\n<p>14 | 26.03.2019 &#8211; FBMA &#8211; Ausgel\u00f6ste Brandmeldeanlage<\/p>\n<p>13 | 16.03.2019 &#8211; H 1 &#8211; \u00d6lspur<\/p>\n<p>10-12 | 10.03.2019 &#8211; H 1 &#8211; Unwettereins\u00e4tze<\/p>\n<p>09 | 10.03.2019 &#8211; F 2 &#8211; Wohnungbrand<\/p>\n<p>08 | 10.03.2019 &#8211; F 3 &#8211; Feuer an Geb\u00e4ude<\/p>\n<p>07 | 05.03.2019 &#8211; F 2 Y &#8211; Wohnungbrand\u00a0 &#8211; Nauheim<\/p>\n<p>06 | 04.03.2019 &#8211; H 1\u00a0 &#8211; Wasser in Keller<\/p>\n<p><strong>Februar<\/strong><\/p>\n<p>05 | 27.02.2019 &#8211; H Gefahr 2 &#8211; Bischofsheim<\/p>\n<p>04 | 26.02.2019 &#8211; H 1 Y &#8211; Unterst\u00fctzung Rettungsdienst<\/p>\n<p>03 | 11.02.2019 &#8211; H Gefahr 1 &#8211; Bischofsheim<\/p>\n<p><strong>Januar<\/strong><\/p>\n<p>02 | 10.01.2019 &#8211; H 1 Y &#8211; Notfallt\u00fcr\u00f6ffnung<\/p>\n<p>01 | 07.01.2019 &#8211; H Gefahr 1 &#8211; Auslaufende Gefahrstoffe &#8211; Gernsheim<\/p>\n<p><object id=\"__symantecPKIClientMessenger\" style=\"display: none;\" width=\"300\" height=\"150\" data-install-updates-user-configuration=\"true\" data-supports-flavor-configuration=\"true\" data-extension-version=\"0.5.0.161\"><\/object>[\/vc_column_text][\/vc_column][\/vc_row][vc_row][vc_column width=&#8220;1\/3&#8243;][vc_single_image image=&#8220;839&#8243; img_size=&#8220;full&#8220;][\/vc_column][\/vc_row][vc_row][vc_column][vc_text_separator title=&#8220;Eins\u00e4tze 2008 &#8211; 2018&#8243;][\/vc_column][\/vc_row][vc_row][vc_column width=&#8220;1\/2&#8243;][vc_column_text]<i class=\"fa fa-fire\"><\/i> <a href=\"https:\/\/www.feuerwehr-trebur.org\/web\/einsaetze\/einsatzchronik-2018\/\">Eins\u00e4tze 2018<\/a><br \/>\n<i class=\"fa fa-fire\"><\/i> <a href=\"https:\/\/www.feuerwehr-trebur.org\/web\/einsaetze\/einsatzchronik-2017\/\">Eins\u00e4tze 2017<\/a><br \/>\n<i class=\"fa fa-fire\"><\/i> <a href=\"http:\/\/feuerwehr-trebur.org\/web\/einsaetze\/einsatzchronik-2016\/\">Eins\u00e4tze 2016<\/a><br \/>\n<i class=\"fa fa-fire\"><\/i> <a href=\"http:\/\/feuerwehr-trebur.org\/web\/einsaetze\/einsatzchronik-2015\/\">Eins\u00e4tze 2015<\/a><br \/>\n<i class=\"fa fa-fire\"><\/i> <a href=\"http:\/\/feuerwehr-trebur.org\/web\/einsaetze\/einsatzchronik-2014\/\">Eins\u00e4tze 2014<\/a><br \/>\n[\/vc_column_text][\/vc_column][vc_column width=&#8220;1\/2&#8243;][vc_column_text]\n<i class=\"fa fa-fire\"><\/i> <a href=\"http:\/\/feuerwehr-trebur.org\/web\/einsaetze\/einsatzchronik-2013\/\">Eins\u00e4tze 2013<\/a><br \/>\n<i class=\"fa fa-fire\"><\/i> <a href=\"http:\/\/feuerwehr-trebur.org\/web\/einsaetze\/einsatzchronik-2012\/\">Eins\u00e4tze 2012<\/a><br \/>\n<i class=\"fa fa-fire\"><\/i> <a href=\"http:\/\/feuerwehr-trebur.org\/web\/einsaetze\/einsatzchronik-2011\/\">Eins\u00e4tze 2011<\/a><br \/>\n<i class=\"fa fa-fire\"><\/i> <a href=\"http:\/\/feuerwehr-trebur.org\/web\/einsaetze\/einsatzchronik-2010\/\">Eins\u00e4tze 2010<\/a><br \/>\n<i class=\"fa fa-fire\"><\/i> <a href=\"http:\/\/feuerwehr-trebur.org\/web\/einsaetze\/einsatzchronik-2009\/\">Eins\u00e4tze 2009<\/a><br \/>\n<i class=\"fa fa-fire\"><\/i> <a href=\"http:\/\/feuerwehr-trebur.org\/web\/einsaetze\/einsatzchronik-2008\/\">Eins\u00e4tze 2008<\/a>[\/vc_column_text][\/vc_column][vc_column][\/vc_column][\/vc_row]\n<\/div>","protected":false},"excerpt":{"rendered":"<p>[vc_row][vc_column][vc_text_separator title=&#8220;Eins\u00e4tze 2019&#8243;][vc_column_text]Dezember 96 |25.12.2019 &#8211; F 2 &#8211; Wohnungsbrand 95 |23.12.2019 &#8211; F BMA &#8211; Ausgel\u00f6ste Brandmeldeanlage &#8211; Astheim 94 |16.12.2019 &#8211; H 1 Y &#8211; Notfallt\u00fcr\u00f6ffnung 93 |16.12.2019 &#8211; H 1 &#8211; Messeinsatz &#8211; R\u00fcsselsheim &#8211; Fehlalarm 92 |10.12.2019 &#8211; R 2 &#8211; Ersthelfereinsatz 91<\/p>\n","protected":false},"author":6,"featured_media":0,"parent":5,"menu_order":0,"comment_status":"open","ping_status":"open","template":"page-FullWidth.php","meta":{"footnotes":"","_links_to":"","_links_to_target":""},"class_list":["post-2727","page","type-page","status-publish","hentry"],"_links":{"self":[{"href":"https:\/\/www.feuerwehr-trebur.org\/web\/wp-json\/wp\/v2\/pages\/2727","targetHints":{"allow":["GET"]}}],"collection":[{"href":"https:\/\/www.feuerwehr-trebur.org\/web\/wp-json\/wp\/v2\/pages"}],"about":[{"href":"https:\/\/www.feuerwehr-trebur.org\/web\/wp-json\/wp\/v2\/types\/page"}],"author":[{"embeddable":true,"href":"https:\/\/www.feuerwehr-trebur.org\/web\/wp-json\/wp\/v2\/users\/6"}],"replies":[{"embeddable":true,"href":"https:\/\/www.feuerwehr-trebur.org\/web\/wp-json\/wp\/v2\/comments?post=2727"}],"version-history":[{"count":4,"href":"https:\/\/www.feuerwehr-trebur.org\/web\/wp-json\/wp\/v2\/pages\/2727\/revisions"}],"predecessor-version":[{"id":2735,"href":"https:\/\/www.feuerwehr-trebur.org\/web\/wp-json\/wp\/v2\/pages\/2727\/revisions\/2735"}],"up":[{"embeddable":true,"href":"https:\/\/www.feuerwehr-trebur.org\/web\/wp-json\/wp\/v2\/pages\/5"}],"wp:attachment":[{"href":"https:\/\/www.feuerwehr-trebur.org\/web\/wp-json\/wp\/v2\/media?parent=2727"}],"curies":[{"name":"wp","href":"https:\/\/api.w.org\/{rel}","templated":true}]}}

Einsatzübersicht 2019

<div class="wpb-content-wrapper">[vc_row][vc_column][vc_text_separator title=&#8220;Einsätze 2019&#8243;][vc_column_text]<strong>Dezember</strong></p>
<p>96 |25.12.2019 &#8211; F 2 &#8211; Wohnungsbrand</p>
<p>95 |23.12.2019 &#8211; F BMA &#8211; Ausgelöste Brandmeldeanlage &#8211; Astheim</p>
<p>94 |16.12.2019 &#8211; H 1 Y &#8211; Notfalltüröffnung</p>
<p>93 |16.12.2019 &#8211; H 1 &#8211; Messeinsatz &#8211; Rüsselsheim &#8211; Fehlalarm</p>
<p>92 |10.12.2019 &#8211; R 2 &#8211; Ersthelfereinsatz</p>
<p>91 |08.12.2019 &#8211; F 2 &#8211; Küchenbrand</p>
<p>90 |04.12.2019 &#8211; H Öl Wass (Gewässer) &#8211; Müllauto in Graben</p>
<p><strong>November</strong></p>
<p>89 |23.11.2019 &#8211; F 2 Y &#8211; Küchenbrand</p>
<p>88 |20.11.2019 &#8211; H Gefahr 1 &#8211; Messeinsatz &#8211; Bischofsheim</p>
<p>87 |19.11.2019 &#8211; H Gefahr 1 &#8211; Messeinsatz &#8211; Gustavsburg</p>
<p>86 |18.11.2019 &#8211; H Klemm 1 Y &#8211; Verkehrsunfall</p>
<p>85 |15.11.2019 &#8211; H 1 &#8211; Ölspur</p>
<p>84 |11.11.2019 &#8211; H Gas 2 &#8211; Messeinsatz &#8211; Nauheim</p>
<p><strong>Oktober<br />
</strong></p>
<p>83 |19.10.2019 &#8211; H Gefahr 1 &#8211; Messeinsatz &#8211; Biebesheim</p>
<p>82 |16.10.2019 &#8211; F Ausserhalb &#8211; Brennende Landmaschine</p>
<p>81 |02.10.2019 &#8211; F Wald 1 &#8211; Flächenbrand</p>
<p><strong>September</strong></p>
<p>80 |23.09.2019 &#8211; H 1 Y &#8211; Unterstützung des Rettungsdienstes</p>
<p>79 |23.09.2019 &#8211; H 1 Y &#8211; Notfalltüröffnung</p>
<p>78 |16.09.2019 &#8211; H Gefahr 1 &#8211; Messeinsatz &#8211; Groß-Gerau</p>
<p><strong>August<br />
</strong></p>
<p>77 |24.08.2019 &#8211; H 1 &#8211; Wasser im Keller</p>
<p>76 |23.08.2019 &#8211; H 1 Y &#8211; Notfalltüröffnung, eingeschlossenes Kind</p>
<p>75 |21.08.2019 &#8211; H Gefahr 1 &#8211; Messeinsatz &#8211; Bischofsheim</p>
<p>44 &#8211; 74 |18.08.2019 &#8211; H 1 &#8211; Unwettereinsätze</p>
<p>43 |09.08.2019 &#8211; F Wald 1 &#8211; Brennende Grasfläche</p>
<p>42 |02.08.2019 &#8211; F 2 &#8211; Angebranntes Kochgut</p>
<p>41 |01.08.2019 &#8211; H 1 &#8211; Ölspur</p>
<p><strong>Juli</strong></p>
<p>40 |30.07.2019 &#8211; H 1 &#8211; Schlange in Lichtschacht</p>
<p>39 |25.07.2019 &#8211; F Ausserhalb &#8211; Brennende Landmaschine</p>
<p>38 |18.07.2019 &#8211; F 1 &#8211; PKW Brand</p>
<p>37 |18.07.2019 &#8211; F 1 &#8211; Flächenbrand</p>
<p>36 |16.07.2019 &#8211; H Gefahr 1 &#8211; Messeinsatz &#8211; Walldorf</p>
<p>35 |09.07.2019 &#8211; F RWM &#8211; Ausgelöster Heimrauchmelder</p>
<p>34 |09.07.2019 &#8211; H Gefahr 1 &#8211; Messeinsatz &#8211; Biebesheim</p>
<p>33 |05.07.2019 &#8211; H 1 &#8211; Ölspur Ortsbereich Trebur</p>
<p>32 |04.07.2019 &#8211; F Wald 1 &#8211; Flächenbrand in Astheim</p>
<p><strong>Juni</strong></p>
<p>31 |25.06.2019 &#8211; H Fluss Y &#8211; Person im Wasser</p>
<p>30 |18.06.2019 &#8211; H 1 &#8211; Telefonmast droht zu stürzen</p>
<p>29 |14.06.2019 &#8211; H 1 &#8211; Ölspur</p>
<p>28 |13.06.2019 &#8211; F Außerhalb &#8211; Brand einer Lagerhalle</p>
<p>27 |06.06.2019 &#8211; H Fluss &#8211; Person im Wasser</p>
<p>26 |03.06.2019 &#8211; H 1 &#8211; Schlange in Teich</p>
<p><strong>Mai</strong></p>
<p>25 |31.05.2019 &#8211; H 1 &#8211; Tierrettung</p>
<p>24 |27.05.2019 &#8211; F 1 &#8211; Unangemeldetes Nutzfeuer</p>
<p>23 |20.05.2019 &#8211; H 1 Y &#8211; Eingeklemmte Person</p>
<p>22 | 16.05.2019 &#8211; H Gefahr 1 &#8211; Messeinsatz &#8211; Bischofsheim</p>
<p>21 | 07.05.2019 &#8211; F 1 &#8211; Flammen aus Gulli</p>
<p>20 | 02.05.2019 &#8211; F 1 &#8211; Brennt Mülleimer</p>
<p>19 | 01.05.2019 &#8211; F Schiff 1 &#8211; Brennt Sportboot</p>
<p>18 | 01.05.2019 &#8211; H Klemm 1 Y &#8211; Verkehrsunfall</p>
<p><strong>April</strong></p>
<p>17 | 10.04.2019 &#8211; H Gefahr 1 &#8211; Raunheim</p>
<p><strong>März</strong></p>
<p>16 | 27.03.2019 &#8211; F 1 &#8211; Fahrzeugbrand nach Verkehrsunfall</p>
<p>15 | 27.03.2019 &#8211; FBMA &#8211; Ausgelöste Brandmeldeanlage</p>
<p>14 | 26.03.2019 &#8211; FBMA &#8211; Ausgelöste Brandmeldeanlage</p>
<p>13 | 16.03.2019 &#8211; H 1 &#8211; Ölspur</p>
<p>10-12 | 10.03.2019 &#8211; H 1 &#8211; Unwettereinsätze</p>
<p>09 | 10.03.2019 &#8211; F 2 &#8211; Wohnungbrand</p>
<p>08 | 10.03.2019 &#8211; F 3 &#8211; Feuer an Gebäude</p>
<p>07 | 05.03.2019 &#8211; F 2 Y &#8211; Wohnungbrand  &#8211; Nauheim</p>
<p>06 | 04.03.2019 &#8211; H 1  &#8211; Wasser in Keller</p>
<p><strong>Februar</strong></p>
<p>05 | 27.02.2019 &#8211; H Gefahr 2 &#8211; Bischofsheim</p>
<p>04 | 26.02.2019 &#8211; H 1 Y &#8211; Unterstützung Rettungsdienst</p>
<p>03 | 11.02.2019 &#8211; H Gefahr 1 &#8211; Bischofsheim</p>
<p><strong>Januar</strong></p>
<p>02 | 10.01.2019 &#8211; H 1 Y &#8211; Notfalltüröffnung</p>
<p>01 | 07.01.2019 &#8211; H Gefahr 1 &#8211; Auslaufende Gefahrstoffe &#8211; Gernsheim</p>
<p><object id="__symantecPKIClientMessenger" style="display: none;" width="300" height="150" data-install-updates-user-configuration="true" data-supports-flavor-configuration="true" data-extension-version="0.5.0.161"></object>[/vc_column_text][/vc_column][/vc_row][vc_row][vc_column width=&#8220;1/3&#8243;][vc_single_image image=&#8220;839&#8243; img_size=&#8220;full&#8220;][/vc_column][/vc_row][vc_row][vc_column][vc_text_separator title=&#8220;Einsätze 2008 &#8211; 2018&#8243;][/vc_column][/vc_row][vc_row][vc_column width=&#8220;1/2&#8243;][vc_column_text]<i class="fa fa-fire"></i> <a href="https://www.feuerwehr-trebur.org/web/einsaetze/einsatzchronik-2018/">Einsätze 2018</a><br />
<i class="fa fa-fire"></i> <a href="https://www.feuerwehr-trebur.org/web/einsaetze/einsatzchronik-2017/">Einsätze 2017</a><br />
<i class="fa fa-fire"></i> <a href="http://feuerwehr-trebur.org/web/einsaetze/einsatzchronik-2016/">Einsätze 2016</a><br />
<i class="fa fa-fire"></i> <a href="http://feuerwehr-trebur.org/web/einsaetze/einsatzchronik-2015/">Einsätze 2015</a><br />
<i class="fa fa-fire"></i> <a href="http://feuerwehr-trebur.org/web/einsaetze/einsatzchronik-2014/">Einsätze 2014</a><br />
[/vc_column_text][/vc_column][vc_column width=&#8220;1/2&#8243;][vc_column_text]
<i class="fa fa-fire"></i> <a href="http://feuerwehr-trebur.org/web/einsaetze/einsatzchronik-2013/">Einsätze 2013</a><br />
<i class="fa fa-fire"></i> <a href="http://feuerwehr-trebur.org/web/einsaetze/einsatzchronik-2012/">Einsätze 2012</a><br />
<i class="fa fa-fire"></i> <a href="http://feuerwehr-trebur.org/web/einsaetze/einsatzchronik-2011/">Einsätze 2011</a><br />
<i class="fa fa-fire"></i> <a href="http://feuerwehr-trebur.org/web/einsaetze/einsatzchronik-2010/">Einsätze 2010</a><br />
<i class="fa fa-fire"></i> <a href="http://feuerwehr-trebur.org/web/einsaetze/einsatzchronik-2009/">Einsätze 2009</a><br />
<i class="fa fa-fire"></i> <a href="http://feuerwehr-trebur.org/web/einsaetze/einsatzchronik-2008/">Einsätze 2008</a>[/vc_column_text][/vc_column][vc_column][/vc_column][/vc_row]
</div>

<p>[vc_row][vc_column][vc_text_separator title=&#8220;Einsätze 2019&#8243;][vc_column_text]Dezember 96 |25.12.2019 &#8211; F 2 &#8211; Wohnungsbrand 95 |23.12.2019 &#8211; F BMA &#8211; Ausgelöste Brandmeldeanlage &#8211; Astheim 94 |16.12.2019 &#8211; H 1 Y &#8211; Notfalltüröffnung 93 |16.12.2019 &#8211; H 1 &#8211; Messeinsatz &#8211; Rüsselsheim &#8211; Fehlalarm 92 |10.12.2019 &#8211; R 2 &#8211; Ersthelfereinsatz 91</p>
