{"id":15,"date":"2015-01-02T12:20:47","date_gmt":"2015-01-02T12:20:47","guid":{"rendered":"http:\/\/feuerwehr-trebur.org\/web\/?page_id=15"},"modified":"2022-07-27T21:32:45","modified_gmt":"2022-07-27T19:32:45","slug":"kontakt","status":"publish","type":"page","link":"https:\/\/www.feuerwehr-trebur.org\/web\/ueber-uns\/kontakt\/","title":{"rendered":"Kontakt"},"content":{"rendered":"<div class=\"wpb-content-wrapper\">[vc_row][vc_column width=&#8220;1\/3&#8243;][vc_column_text]\n<h4><span style=\"font-size: 20px; color: #cf000d; line-height: 28px;\">Jeden Dienstag ab 20 Uhr &#8211; \u00dcbungsabend Feuerwehr Trebur<\/span><\/h4>\n<p>Jeden Dienstag um 20 Uhr k\u00f6nnen Sie auch gerne pers\u00f6nlich am Feuerwehr Ger\u00e4tehaus (Astheimer Stra\u00dfe 86) in Trebur vorbeikommen. Unsere T\u00fcren stehen f\u00fcr Sie immer offen, die Feuerwehrmitglieder f\u00fcr Fragen ebenso.<\/p>\n<p>Erreichbar sind wir auch unter der Telefonnummer: <strong>06147 &#8211; 8934<\/strong> zu gleicher Zeit.[\/vc_column_text][vc_row_inner][vc_column_inner][vc_gmaps link=&#8220;#E-8_JTNDaWZyYW1lJTIwc3JjJTNEJTIyaHR0cHMlM0ElMkYlMkZ3d3cuZ29vZ2xlLmNvbSUyRm1hcHMlMkZlbWJlZCUzRnBiJTNEJTIxMW0xNiUyMTFtMTIlMjExbTMlMjExZDUxMzYuNzgzNTE2NTEzMjIyJTIxMmQ4LjM5ODQ0MDAwMDAwMDAwMyUyMTNkNDkuOTI4OTklMjEybTMlMjExZjAlMjEyZjAlMjEzZjAlMjEzbTIlMjExaTEwMjQlMjEyaTc2OCUyMTRmMTMuMSUyMTJtMSUyMTFzRmV1ZXJ3ZWhyJTI1MkMlMkJBc3RoZWltZXIlMkJTdHJhJTI1QzMlMjU5RmUlMkI4NiUyNTJDJTJCVHJlYnVyJTIxNWUwJTIxM20yJTIxMXNkZSUyMTJzZGUlMjE0djE0MjA2NjYzNjg4NjElMjIlMjB3aWR0aCUzRCUyMjI4NCUyMiUyMGhlaWdodCUzRCUyMjI1MCUyMiUyMGZyYW1lYm9yZGVyJTNEJTIyMCUyMiUyMHN0eWxlJTNEJTIyYm9yZGVyJTNBMCUyMiUzRSUzQyUyRmlmcmFtZSUzRQ==&#8220; size=&#8220;240&#8243;][\/vc_column_inner][\/vc_row_inner][\/vc_column][vc_column width=&#8220;2\/3&#8243;][vc_tour][vc_tab title=&#8220;Kontakt Einsatzabteilung&#8220; tab_id=&#8220;1420666549-1-4&#8243;][vc_column_text]<strong>Gemeindebrandinspektor <\/strong><br \/>\nMike Langhammer [<a href=\"mailto:mike.langhammer@feuerwehr-trebur.de\">eMail<\/a>]\n<p><strong>Wehrf\u00fchrer<\/strong><br \/>\nChristian Lautz [<a href=\"mailto:christian.lautz@feuerwehr-trebur.de\">eMail<\/a>]\n<p><strong>stellv. Wehrf\u00fchrer<\/strong><br \/>\nOliver Leppla [<a href=\"mailto:oliver.leppla@feuerwehr-trebur.de\">eMail<\/a>]\n<p><strong>Jugendwartin<\/strong><br \/>\nLaura Scheidemantel [<a href=\"mailto:laura.scheidemantel@feuerwehr-trebur.org\">eMail<\/a>]\n<p><strong>Webmaster<\/strong><br \/>\nSven Hoffmann [<a href=\"mailto:sven.hoffmann@feuerwehr-trebur.de\">eMail<\/a>]\n<p><strong>Webmaster &amp; Einsatzdokumentation<\/strong><br \/>\nDennis M\u00f6bus [<a href=\"mailto:Dennis.Moebus@Feuerwehr-Trebur.de\">eMail<\/a>]\n<p><strong>Atemschutz-Ger\u00e4tewart <\/strong><br \/>\nMarkus Heine [<a href=\"mailto:markus.heine@feuerwehr-trebur.de\">eMail<\/a>]\n<p><strong>Funk-Ger\u00e4tewart<\/strong><br \/>\nCarsten Zentgraf [<a href=\"mailto:carsten.zentgraf@feuerwehr-trebur.de\">eMail<\/a>]\n<p><strong>Ger\u00e4tewart<\/strong><br \/>\nPatrick \u00d6lke [<a href=\"mailto:patrick.oelke@feuerwehr-trebur.de\">eMail<\/a>][\/vc_column_text][\/vc_tab][vc_tab title=&#8220;Kontakt Verein&#8220; tab_id=&#8220;1420666549-2-57&#8243;][vc_column_text]<strong>1. Vereinsvorsitzender <\/strong><br \/>\nThorsten Maul\u00a0[<a href=\"mailto:thorsten.maul@feuerwehr-trebur.org\">eMail<\/a>]\n<p><strong>2. Vereinsvorsitzende <\/strong><br \/>\nChristina Buhrmester [<a href=\"mailto:christina.buhrmester@feuerwehr-trebur.org\">eMail<\/a>]\n<p><strong>Schriftf\u00fchrerin<\/strong><br \/>\nJennifer Flechtner\u00a0[<a href=\"mailto:jennifer.flechtner@feuerwehr-trebur.org\">eMail<\/a>]\n<p><strong>Kassenwart <\/strong><br \/>\nSven Hoffmann [<a href=\"mailto:kassenwart@feuerwehr-trebur.org\">eMail<\/a>]\n<p><strong>Pressewart <\/strong><br \/>\nDennis M\u00f6bus [<a href=\"mailto:dennis.moebus@feuerwehr-trebur.org\">eMail<\/a>][\/vc_column_text][\/vc_tab][\/vc_tour][\/vc_column][\/vc_row]\n<\/div>","protected":false},"excerpt":{"rendered":"<p>[vc_row][vc_column width=&#8220;1\/3&#8243;][vc_column_text] Jeden Dienstag ab 20 Uhr &#8211; \u00dcbungsabend Feuerwehr Trebur Jeden Dienstag um 20 Uhr k\u00f6nnen Sie auch gerne pers\u00f6nlich am Feuerwehr Ger\u00e4tehaus (Astheimer Stra\u00dfe 86) in Trebur vorbeikommen. Unsere T\u00fcren stehen f\u00fcr Sie immer offen, die Feuerwehrmitglieder f\u00fcr Fragen ebenso. Erreichbar sind wir auch unter<\/p>\n","protected":false},"author":2,"featured_media":0,"parent":13,"menu_order":0,"comment_status":"open","ping_status":"open","template":"page-FullWidth.php","meta":{"footnotes":"","_links_to":"","_links_to_target":""},"class_list":["post-15","page","type-page","status-publish","hentry"],"_links":{"self":[{"href":"https:\/\/www.feuerwehr-trebur.org\/web\/wp-json\/wp\/v2\/pages\/15","targetHints":{"allow":["GET"]}}],"collection":[{"href":"https:\/\/www.feuerwehr-trebur.org\/web\/wp-json\/wp\/v2\/pages"}],"about":[{"href":"https:\/\/www.feuerwehr-trebur.org\/web\/wp-json\/wp\/v2\/types\/page"}],"author":[{"embeddable":true,"href":"https:\/\/www.feuerwehr-trebur.org\/web\/wp-json\/wp\/v2\/users\/2"}],"replies":[{"embeddable":true,"href":"https:\/\/www.feuerwehr-trebur.org\/web\/wp-json\/wp\/v2\/comments?post=15"}],"version-history":[{"count":36,"href":"https:\/\/www.feuerwehr-trebur.org\/web\/wp-json\/wp\/v2\/pages\/15\/revisions"}],"predecessor-version":[{"id":3483,"href":"https:\/\/www.feuerwehr-trebur.org\/web\/wp-json\/wp\/v2\/pages\/15\/revisions\/3483"}],"up":[{"embeddable":true,"href":"https:\/\/www.feuerwehr-trebur.org\/web\/wp-json\/wp\/v2\/pages\/13"}],"wp:attachment":[{"href":"https:\/\/www.feuerwehr-trebur.org\/web\/wp-json\/wp\/v2\/media?parent=15"}],"curies":[{"name":"wp","href":"https:\/\/api.w.org\/{rel}","templated":true}]}}